{"id":1501,"date":"2014-03-23T22:44:14","date_gmt":"2014-03-23T20:44:14","guid":{"rendered":"http:\/\/www.musikverein-stammheim.de\/start\/?page_id=1501"},"modified":"2024-12-11T15:38:35","modified_gmt":"2024-12-11T13:38:35","slug":"tanzorchester","status":"publish","type":"page","link":"https:\/\/www.musikverein-stammheim.de\/start\/orchester\/tanzorchester\/","title":{"rendered":"Die Stammheimer"},"content":{"rendered":"<p><a href=\"https:\/\/www.musikverein-stammheim.de\/start\/wp-content\/uploads\/2014\/03\/TO-Kreta-2013-25121.jpg\"><img loading=\"lazy\" decoding=\"async\" class=\"aligncenter wp-image-2329 size-full\" src=\"https:\/\/www.musikverein-stammheim.de\/start\/wp-content\/uploads\/2014\/03\/TO-Kreta-2013-25121.jpg\" alt=\"\" width=\"1133\" height=\"755\" srcset=\"https:\/\/www.musikverein-stammheim.de\/start\/wp-content\/uploads\/2014\/03\/TO-Kreta-2013-25121.jpg 1133w, https:\/\/www.musikverein-stammheim.de\/start\/wp-content\/uploads\/2014\/03\/TO-Kreta-2013-25121-300x199.jpg 300w, https:\/\/www.musikverein-stammheim.de\/start\/wp-content\/uploads\/2014\/03\/TO-Kreta-2013-25121-1024x682.jpg 1024w, https:\/\/www.musikverein-stammheim.de\/start\/wp-content\/uploads\/2014\/03\/TO-Kreta-2013-25121-390x261.jpg 390w\" sizes=\"auto, (max-width: 1133px) 100vw, 1133px\" \/><\/a><br \/>\nAnfangs der 70er Jahre tat sich im Musikverein einiges: 1973 wurde nach der Trachtenkapelle und der Jugendkapelle aus dem eher locker zusammengestellten \u201eGloria Schau Orchester\u201c das Tanzorchester ins Leben gerufen &#8211; die dritte Besetzung des Musikverein Stammheims.\u00a0Die jungen Musikerinnen und Musiker legten den Schwerpunkt vor allem auf Unterhaltungs- und Tanzmusik, dementsprechend wurde auch umgangssprachlich immer nur \u201eTanzkapelle\u201c gesagt. Mit dem Beginn der Faschingsveranstaltung 1975 r\u00fcckte das Tanzorchester zusehends mehr in die \u00d6ffentlichkeit. Es folgten daraufhin vermehrt Auftritte in Nah und Fern. Hermann Kuonath war viele Jahre f\u00fcr die musikalische Leitung verantwortlich.\u00a0Legend\u00e4r waren in den 80er-Jahren die Fuchsen-Fasneten in Dachtel und die Abschlussfahrten des Reiseb\u00fcros Volz, bei der es u.a. auch zu einem Auftritt zusammen mit Marianne &amp; Michael kam.<\/p>\n<p><img loading=\"lazy\" decoding=\"async\" class=\"alignleft\" src=\"https:\/\/www.musikverein-stammheim.de\/start\/wp-content\/uploads\/2014\/03\/Bildschirmfoto-2014-07-09-um-15.46.33.jpg\" width=\"351\" height=\"234\" \/>1991 \u00fcbernahm J\u00f6rg Fetzer, der seit den ersten Tagen als Musiker im Tanzorchester mitspielte, als Frontman die Leitung der \u201cStammheimer\u201c. 2003 \u00fcbernahm Jochen Bechtold das Ruder.\u00a0Bei Reisen in das benachbarte Ausland wurde das Tanzorchester auch international bekannt. Die weiteste Reise f\u00fchrte 1996 nach S\u00fcdafrika. Dem mit der Zeit sich wandelnden Musikgeschmack von Tanz- auf Partymusik folgten \u201eDie Stammheimer\u201c und konnten so f\u00fcr sehr gute Stimmung bei den Auftritten sorgen.<\/p>\n<p>Kultstatus hatten \u201cDie Party\u201c am Faschingssamstag sowie \u201cDie deutsche Schlagernacht\u201c am Rosenmontag. Auftritte bei diversen Zelt- und Stra\u00dfenfesten wurden immer wieder gerne wahrgenommen. Ein Highlight war hierbei sicherlich der Auftritt auf dem Cannstatter Wasen.\u00a0Regelm\u00e4\u00dfig, alle 5 Jahre, f\u00e4hrt die dritte Besetzung des Musikvereins nach Werenzhain ins Brandenburger Land, wo nach wie vor noch bei den Auftritten sehr intensiv getanzt wird. Das 40-j\u00e4hrige Bestehen wurde im November 2013 mit der Musik aus 40 Jahren Tanzorchester gefeiert. Sehr viele ehemalige TO\u2018ler folgten der Einladung zum Feiern und konnten, wenn sie wollten, noch einmal mitspielen und zeigen, dass sie nichts verlernt haben.\u00a0J\u00fcrgen Schneider, der letzte \u201eMohikaner\u201c aus dem Gr\u00fcndungsjahr des Tanzorchesters, ist noch aktiv und wurde f\u00fcr seine langj\u00e4hrige T\u00e4tigkeit geehrt: Er bekam als Dank f\u00fcr 40 Jahre TO den bisher nur einmal verliehenen TO-Schal von seinen TO\u2019lern \u00fcberreicht. Der H\u00f6hepunkt der letzten Jahre war zweifellos eine Reise nach Kreta, von der noch immer in den h\u00f6chsten T\u00f6nen geschw\u00e4rmt wird. Dort konnten \u201eDie Stammheimer\u201c in teilweise hochklassigen Hotels ihr Repertoire zum Besten geben.<\/p>\n<p>Inzwischen haben &#8220;Die Stammheimer&#8221; ihre Instrumente im Rahmen der Tanzkapelle niedergelegt. Aus verschiedenen Gr\u00fcnden hat die Gruppe gemeinsam beschlossen, vorerst nicht mehr in dieser Konstellation aufzutreten. Die unz\u00e4hligen Erinnerungen an viele tolle Auftritte werden die Musikerinnen und Musiker aber f\u00fcr immer verbinden.<\/p>\n<p><img loading=\"lazy\" decoding=\"async\" class=\"alignnone size-medium\" src=\"https:\/\/www.musikverein-stammheim.de\/start\/wp-content\/uploads\/2015\/03\/DSC03598.jpg\" width=\"1000\" height=\"667\" \/><\/p>\n<div align=\"center\">\n<pre style=\"font-family: Arial;\"><span style=\"color: #c54456;\"><strong>Saxophon\n<\/strong><\/span>Stefanie H\u00e4rdter\nThomas Frank\nNorbert Wilhelmi<\/pre>\n<\/div>\n<div align=\"center\">\n<pre style=\"font-family: Arial;\"><span style=\"color: #c54456;\"><strong>Trompete\n<\/strong><\/span>Matthias Auch\nJ\u00f6rg Dingler\n<\/pre>\n<\/div>\n<div align=\"center\">\n<pre style=\"font-family: Arial;\"><span style=\"color: #c54456;\"><strong>Posaune\n<\/strong><\/span>Matthias Heldmayer\nFelix Roller\nChristoph Visel<\/pre>\n<\/div>\n<div align=\"center\">\n<pre style=\"font-family: Arial;\"><span style=\"color: #c54456;\"><strong>Schlagzeug<\/strong><\/span>\nJulian Schlicht\nMarius H\u00e4rdter\nSimon Heldmayer<\/pre>\n<\/div>\n<div align=\"center\">\n<pre style=\"font-family: Arial;\"><span style=\"color: #c54456;\"><strong>E-Gitarre &amp; Bass\n<\/strong><\/span>Hartmut Kuonath\nThomas Thurm<\/pre>\n<\/div>\n<div align=\"center\">\n<pre style=\"font-family: Arial;\"><span style=\"color: #c54456;\"><strong>Keyboard\n<\/strong><\/span>J\u00fcrgen Schneider\n<\/pre>\n<\/div>\n<p><img loading=\"lazy\" decoding=\"async\" class=\"alignnone size-medium\" src=\"https:\/\/www.musikverein-stammheim.de\/start\/wp-content\/uploads\/2014\/03\/DSC2368.jpg\" width=\"900\" height=\"597\" \/><\/p>\n","protected":false},"excerpt":{"rendered":"<p>Anfangs der 70er Jahre tat sich im Musikverein einiges: 1973 wurde nach der Trachtenkapelle und der Jugendkapelle aus dem eher locker zusammengestellten \u201eGloria Schau Orchester\u201c das Tanzorchester ins Leben gerufen <a class=\"more-link\" href=\"https:\/\/www.musikverein-stammheim.de\/start\/orchester\/tanzorchester\/\">Weiterlesen \u2192<\/a><\/p>\n","protected":false},"author":1,"featured_media":0,"parent":1488,"menu_order":0,"comment_status":"closed","ping_status":"closed","template":"","meta":{"footnotes":""},"class_list":["post-1501","page","type-page","status-publish","hentry"],"_links":{"self":[{"href":"https:\/\/www.musikverein-stammheim.de\/start\/wp-json\/wp\/v2\/pages\/1501","targetHints":{"allow":["GET"]}}],"collection":[{"href":"https:\/\/www.musikverein-stammheim.de\/start\/wp-json\/wp\/v2\/pages"}],"about":[{"href":"https:\/\/www.musikverein-stammheim.de\/start\/wp-json\/wp\/v2\/types\/page"}],"author":[{"embeddable":true,"href":"https:\/\/www.musikverein-stammheim.de\/start\/wp-json\/wp\/v2\/users\/1"}],"replies":[{"embeddable":true,"href":"https:\/\/www.musikverein-stammheim.de\/start\/wp-json\/wp\/v2\/comments?post=1501"}],"version-history":[{"count":14,"href":"https:\/\/www.musikverein-stammheim.de\/start\/wp-json\/wp\/v2\/pages\/1501\/revisions"}],"predecessor-version":[{"id":7757,"href":"https:\/\/www.musikverein-stammheim.de\/start\/wp-json\/wp\/v2\/pages\/1501\/revisions\/7757"}],"up":[{"embeddable":true,"href":"https:\/\/www.musikverein-stammheim.de\/start\/wp-json\/wp\/v2\/pages\/1488"}],"wp:attachment":[{"href":"https:\/\/www.musikverein-stammheim.de\/start\/wp-json\/wp\/v2\/media?parent=1501"}],"curies":[{"name":"wp","href":"https:\/\/api.w.org\/{rel}","templated":true}]}}

<p><a href="https://www.musikverein-stammheim.de/start/wp-content/uploads/2014/03/TO-Kreta-2013-25121.jpg"><img loading="lazy" decoding="async" class="aligncenter wp-image-2329 size-full" src="https://www.musikverein-stammheim.de/start/wp-content/uploads/2014/03/TO-Kreta-2013-25121.jpg" alt="" width="1133" height="755" srcset="https://www.musikverein-stammheim.de/start/wp-content/uploads/2014/03/TO-Kreta-2013-25121.jpg 1133w, https://www.musikverein-stammheim.de/start/wp-content/uploads/2014/03/TO-Kreta-2013-25121-300x199.jpg 300w, https://www.musikverein-stammheim.de/start/wp-content/uploads/2014/03/TO-Kreta-2013-25121-1024x682.jpg 1024w, https://www.musikverein-stammheim.de/start/wp-content/uploads/2014/03/TO-Kreta-2013-25121-390x261.jpg 390w" sizes="auto, (max-width: 1133px) 100vw, 1133px" /></a><br />
Anfangs der 70er Jahre tat sich im Musikverein einiges: 1973 wurde nach der Trachtenkapelle und der Jugendkapelle aus dem eher locker zusammengestellten „Gloria Schau Orchester“ das Tanzorchester ins Leben gerufen &#8211; die dritte Besetzung des Musikverein Stammheims. Die jungen Musikerinnen und Musiker legten den Schwerpunkt vor allem auf Unterhaltungs- und Tanzmusik, dementsprechend wurde auch umgangssprachlich immer nur „Tanzkapelle“ gesagt. Mit dem Beginn der Faschingsveranstaltung 1975 rückte das Tanzorchester zusehends mehr in die Öffentlichkeit. Es folgten daraufhin vermehrt Auftritte in Nah und Fern. Hermann Kuonath war viele Jahre für die musikalische Leitung verantwortlich. Legendär waren in den 80er-Jahren die Fuchsen-Fasneten in Dachtel und die Abschlussfahrten des Reisebüros Volz, bei der es u.a. auch zu einem Auftritt zusammen mit Marianne &amp; Michael kam.</p>
<p><img loading="lazy" decoding="async" class="alignleft" src="https://www.musikverein-stammheim.de/start/wp-content/uploads/2014/03/Bildschirmfoto-2014-07-09-um-15.46.33.jpg" width="351" height="234" />1991 übernahm Jörg Fetzer, der seit den ersten Tagen als Musiker im Tanzorchester mitspielte, als Frontman die Leitung der “Stammheimer“. 2003 übernahm Jochen Bechtold das Ruder. Bei Reisen in das benachbarte Ausland wurde das Tanzorchester auch international bekannt. Die weiteste Reise führte 1996 nach Südafrika. Dem mit der Zeit sich wandelnden Musikgeschmack von Tanz- auf Partymusik folgten „Die Stammheimer“ und konnten so für sehr gute Stimmung bei den Auftritten sorgen.</p>
<p>Kultstatus hatten “Die Party“ am Faschingssamstag sowie “Die deutsche Schlagernacht“ am Rosenmontag. Auftritte bei diversen Zelt- und Straßenfesten wurden immer wieder gerne wahrgenommen. Ein Highlight war hierbei sicherlich der Auftritt auf dem Cannstatter Wasen. Regelmäßig, alle 5 Jahre, fährt die dritte Besetzung des Musikvereins nach Werenzhain ins Brandenburger Land, wo nach wie vor noch bei den Auftritten sehr intensiv getanzt wird. Das 40-jährige Bestehen wurde im November 2013 mit der Musik aus 40 Jahren Tanzorchester gefeiert. Sehr viele ehemalige TO‘ler folgten der Einladung zum Feiern und konnten, wenn sie wollten, noch einmal mitspielen und zeigen, dass sie nichts verlernt haben. Jürgen Schneider, der letzte „Mohikaner“ aus dem Gründungsjahr des Tanzorchesters, ist noch aktiv und wurde für seine langjährige Tätigkeit geehrt: Er bekam als Dank für 40 Jahre TO den bisher nur einmal verliehenen TO-Schal von seinen TO’lern überreicht. Der Höhepunkt der letzten Jahre war zweifellos eine Reise nach Kreta, von der noch immer in den höchsten Tönen geschwärmt wird. Dort konnten „Die Stammheimer“ in teilweise hochklassigen Hotels ihr Repertoire zum Besten geben.</p>
<p>Inzwischen haben &#8220;Die Stammheimer&#8221; ihre Instrumente im Rahmen der Tanzkapelle niedergelegt. Aus verschiedenen Gründen hat die Gruppe gemeinsam beschlossen, vorerst nicht mehr in dieser Konstellation aufzutreten. Die unzähligen Erinnerungen an viele tolle Auftritte werden die Musikerinnen und Musiker aber für immer verbinden.</p>
<p><img loading="lazy" decoding="async" class="alignnone size-medium" src="https://www.musikverein-stammheim.de/start/wp-content/uploads/2015/03/DSC03598.jpg" width="1000" height="667" /></p>
<div align="center">
<pre style="font-family: Arial;"><span style="color: #c54456;"><strong>Saxophon
</strong></span>Stefanie Härdter
Thomas Frank
Norbert Wilhelmi</pre>
</div>
<div align="center">
<pre style="font-family: Arial;"><span style="color: #c54456;"><strong>Trompete
</strong></span>Matthias Auch
Jörg Dingler
</pre>
</div>
<div align="center">
<pre style="font-family: Arial;"><span style="color: #c54456;"><strong>Posaune
</strong></span>Matthias Heldmayer
Felix Roller
Christoph Visel</pre>
</div>
<div align="center">
<pre style="font-family: Arial;"><span style="color: #c54456;"><strong>Schlagzeug</strong></span>
Julian Schlicht
Marius Härdter
Simon Heldmayer</pre>
</div>
<div align="center">
<pre style="font-family: Arial;"><span style="color: #c54456;"><strong>E-Gitarre &amp; Bass
</strong></span>Hartmut Kuonath
Thomas Thurm</pre>
</div>
<div align="center">
<pre style="font-family: Arial;"><span style="color: #c54456;"><strong>Keyboard
</strong></span>Jürgen Schneider
</pre>
</div>
<p><img loading="lazy" decoding="async" class="alignnone size-medium" src="https://www.musikverein-stammheim.de/start/wp-content/uploads/2014/03/DSC2368.jpg" width="900" height="597" /></p>
