{"id":1503,"date":"2014-03-23T22:47:57","date_gmt":"2014-03-23T20:47:57","guid":{"rendered":"http:\/\/www.musikverein-stammheim.de\/start\/?page_id=1503"},"modified":"2026-01-03T16:24:03","modified_gmt":"2026-01-03T14:24:03","slug":"jugendgruppe","status":"publish","type":"page","link":"https:\/\/www.musikverein-stammheim.de\/start\/orchester\/jugendgruppe\/","title":{"rendered":"Jugendgruppe"},"content":{"rendered":"\n<p>Unsere Jugendgruppe trifft sich einmal in der Woche um gemeinsam zu Proben. Dabei wird weiterhin die Theorie mit der Praxis verkn\u00fcpft, wobei das Musizieren im Vordergrund steht. St\u00fcck f\u00fcr St\u00fcck werden die Nachwuchsmusikerinnen und -musiker an den \u00dcbergang in die\u00a0<a href=\"https:\/\/www.musikverein-stammheim.de\/start\/orchester\/jugendkapelle\/\">Jugendkapelle<\/a> herangef\u00fchrt. Dirigiert wird die Jugendgruppe aktuell von Laura Andrae.<\/p>\n\n\n\n<figure class=\"wp-block-image size-large\"><a href=\"https:\/\/www.musikverein-stammheim.de\/start\/wp-content\/uploads\/2026\/01\/20251107_180440-scaled.jpg\"><img loading=\"lazy\" decoding=\"async\" width=\"2560\" height=\"2560\" src=\"https:\/\/www.musikverein-stammheim.de\/start\/wp-content\/uploads\/2026\/01\/20251107_180440-edited-scaled.jpg\" alt=\"\" class=\"wp-image-8442\" srcset=\"https:\/\/www.musikverein-stammheim.de\/start\/wp-content\/uploads\/2026\/01\/20251107_180440-edited-scaled.jpg 2560w, https:\/\/www.musikverein-stammheim.de\/start\/wp-content\/uploads\/2026\/01\/20251107_180440-edited-300x300.jpg 300w, https:\/\/www.musikverein-stammheim.de\/start\/wp-content\/uploads\/2026\/01\/20251107_180440-edited-1024x1024.jpg 1024w, https:\/\/www.musikverein-stammheim.de\/start\/wp-content\/uploads\/2026\/01\/20251107_180440-edited-150x150.jpg 150w, https:\/\/www.musikverein-stammheim.de\/start\/wp-content\/uploads\/2026\/01\/20251107_180440-edited-768x768.jpg 768w, https:\/\/www.musikverein-stammheim.de\/start\/wp-content\/uploads\/2026\/01\/20251107_180440-edited-1536x1536.jpg 1536w, https:\/\/www.musikverein-stammheim.de\/start\/wp-content\/uploads\/2026\/01\/20251107_180440-edited-2048x2048.jpg 2048w\" sizes=\"auto, (max-width: 2560px) 100vw, 2560px\" \/><\/a><figcaption class=\"wp-element-caption\"><strong>Jugendgruppe<\/strong><br>Mina, Matti, Wiebke, S\u00f6ren, Emma, Romeo, Leon,<br>Elina, Christian, Tahnee, Nele, Janne<\/figcaption><\/figure>\n\n\n\n<p><\/p>\n","protected":false},"excerpt":{"rendered":"<p>Unsere Jugendgruppe trifft sich einmal in der Woche um gemeinsam zu Proben. Dabei wird weiterhin die Theorie mit der Praxis verkn\u00fcpft, wobei das Musizieren im Vordergrund steht. St\u00fcck f\u00fcr St\u00fcck <a class=\"more-link\" href=\"https:\/\/www.musikverein-stammheim.de\/start\/orchester\/jugendgruppe\/\">Weiterlesen \u2192<\/a><\/p>\n","protected":false},"author":1,"featured_media":0,"parent":1488,"menu_order":0,"comment_status":"closed","ping_status":"closed","template":"","meta":{"footnotes":""},"class_list":["post-1503","page","type-page","status-publish","hentry"],"_links":{"self":[{"href":"https:\/\/www.musikverein-stammheim.de\/start\/wp-json\/wp\/v2\/pages\/1503","targetHints":{"allow":["GET"]}}],"collection":[{"href":"https:\/\/www.musikverein-stammheim.de\/start\/wp-json\/wp\/v2\/pages"}],"about":[{"href":"https:\/\/www.musikverein-stammheim.de\/start\/wp-json\/wp\/v2\/types\/page"}],"author":[{"embeddable":true,"href":"https:\/\/www.musikverein-stammheim.de\/start\/wp-json\/wp\/v2\/users\/1"}],"replies":[{"embeddable":true,"href":"https:\/\/www.musikverein-stammheim.de\/start\/wp-json\/wp\/v2\/comments?post=1503"}],"version-history":[{"count":18,"href":"https:\/\/www.musikverein-stammheim.de\/start\/wp-json\/wp\/v2\/pages\/1503\/revisions"}],"predecessor-version":[{"id":8443,"href":"https:\/\/www.musikverein-stammheim.de\/start\/wp-json\/wp\/v2\/pages\/1503\/revisions\/8443"}],"up":[{"embeddable":true,"href":"https:\/\/www.musikverein-stammheim.de\/start\/wp-json\/wp\/v2\/pages\/1488"}],"wp:attachment":[{"href":"https:\/\/www.musikverein-stammheim.de\/start\/wp-json\/wp\/v2\/media?parent=1503"}],"curies":[{"name":"wp","href":"https:\/\/api.w.org\/{rel}","templated":true}]}}

<p>Unsere Jugendgruppe trifft sich einmal in der Woche um gemeinsam zu Proben. Dabei wird weiterhin die Theorie mit der Praxis verknüpft, wobei das Musizieren im Vordergrund steht. Stück für Stück werden die Nachwuchsmusikerinnen und -musiker an den Übergang in die <a href="https://www.musikverein-stammheim.de/start/orchester/jugendkapelle/">Jugendkapelle</a> herangeführt. Dirigiert wird die Jugendgruppe aktuell von Laura Andrae.</p>



<figure class="wp-block-image size-large"><a href="https://www.musikverein-stammheim.de/start/wp-content/uploads/2026/01/20251107_180440-scaled.jpg"><img loading="lazy" decoding="async" width="2560" height="2560" src="https://www.musikverein-stammheim.de/start/wp-content/uploads/2026/01/20251107_180440-edited-scaled.jpg" alt="" class="wp-image-8442" srcset="https://www.musikverein-stammheim.de/start/wp-content/uploads/2026/01/20251107_180440-edited-scaled.jpg 2560w, https://www.musikverein-stammheim.de/start/wp-content/uploads/2026/01/20251107_180440-edited-300x300.jpg 300w, https://www.musikverein-stammheim.de/start/wp-content/uploads/2026/01/20251107_180440-edited-1024x1024.jpg 1024w, https://www.musikverein-stammheim.de/start/wp-content/uploads/2026/01/20251107_180440-edited-150x150.jpg 150w, https://www.musikverein-stammheim.de/start/wp-content/uploads/2026/01/20251107_180440-edited-768x768.jpg 768w, https://www.musikverein-stammheim.de/start/wp-content/uploads/2026/01/20251107_180440-edited-1536x1536.jpg 1536w, https://www.musikverein-stammheim.de/start/wp-content/uploads/2026/01/20251107_180440-edited-2048x2048.jpg 2048w" sizes="auto, (max-width: 2560px) 100vw, 2560px" /></a><figcaption class="wp-element-caption"><strong>Jugendgruppe</strong><br>Mina, Matti, Wiebke, Sören, Emma, Romeo, Leon,<br>Elina, Christian, Tahnee, Nele, Janne</figcaption></figure>



<p></p>

<p>Unsere Jugendgruppe trifft sich einmal in der Woche um gemeinsam zu Proben. Dabei wird weiterhin die Theorie mit der Praxis verknüpft, wobei das Musizieren im Vordergrund steht. Stück für Stück <a class="more-link" href="https://www.musikverein-stammheim.de/start/orchester/jugendgruppe/">Weiterlesen →</a></p>
