{"id":4142,"date":"2016-09-10T17:35:09","date_gmt":"2016-09-10T15:35:09","guid":{"rendered":"http:\/\/www.musikverein-stammheim.de\/start\/?page_id=4142"},"modified":"2026-04-09T20:39:05","modified_gmt":"2026-04-09T18:39:05","slug":"trachtenkapelle","status":"publish","type":"page","link":"https:\/\/www.musikverein-stammheim.de\/start\/orchester\/trachtenkapelle\/","title":{"rendered":"Trachtenkapelle"},"content":{"rendered":"\n<div class=\"wp-block-columns is-layout-flex wp-container-core-columns-is-layout-9d6595d7 wp-block-columns-is-layout-flex\">\n<div class=\"wp-block-column is-layout-flow wp-block-column-is-layout-flow\" style=\"flex-basis:33.33%\">\n<figure class=\"wp-block-image size-large\"><a href=\"https:\/\/www.musikverein-stammheim.de\/start\/wp-content\/uploads\/2026\/01\/JK-Dirigent-2025-edited.jpg\"><img loading=\"lazy\" decoding=\"async\" width=\"769\" height=\"1024\" src=\"https:\/\/www.musikverein-stammheim.de\/start\/wp-content\/uploads\/2026\/01\/JK-Dirigent-2025-edited-769x1024.jpg\" alt=\"\" class=\"wp-image-8446\" srcset=\"https:\/\/www.musikverein-stammheim.de\/start\/wp-content\/uploads\/2026\/01\/JK-Dirigent-2025-edited-769x1024.jpg 769w, https:\/\/www.musikverein-stammheim.de\/start\/wp-content\/uploads\/2026\/01\/JK-Dirigent-2025-edited-225x300.jpg 225w, https:\/\/www.musikverein-stammheim.de\/start\/wp-content\/uploads\/2026\/01\/JK-Dirigent-2025-edited-768x1023.jpg 768w, https:\/\/www.musikverein-stammheim.de\/start\/wp-content\/uploads\/2026\/01\/JK-Dirigent-2025-edited.jpg 1080w\" sizes=\"auto, (max-width: 769px) 100vw, 769px\" \/><\/a><figcaption class=\"wp-element-caption\">Dirigent Timo Klumpp<\/figcaption><\/figure>\n<\/div>\n\n\n\n<div class=\"wp-block-column is-layout-flow wp-block-column-is-layout-flow\" style=\"flex-basis:66.66%\">\n<p>Unsere Trachtenkapelle ist das Orchester der sogenannten \u201cAktiven\u201d. Mit diesem Orchester unterhalten wir bei Konzerten, Festen anderer Vereine, Umz\u00fcgen sowie bei privaten Feiern unserer aktiven und passiven Mitglieder. In unseren Reihen musizieren \u00fcber 70 Musikerinnen und Musiker im Alter zwischen 15 und 70 Jahren. Das Durchschnittsalter liegt bei 32 Jahren, was vor allem an der fortlaufenden Integration junger Musikerinnen und Musiker aus der eigenen Jugend liegt.<\/p>\n<\/div>\n<\/div>\n\n\n\n<p>Auch der musikalische Leiter Timo Klumpp sowie seine Vorg\u00e4nger Michael Schanz und Hermann Kuonath kommen aus den eigenen Reihen und f\u00fchren das Orchester seit Jahrzehnten erfolgreich, was sich auch bei vielen erfolgreichen Teilnahmen an Wertungsspielen in der Kategorie H\u00f6chststufe zeigt.<\/p>\n\n\n\n<p>Die Trachtenkapelle spielt konzertante symphonische Blasmusik, gleicherma\u00dfen wie auch Unterhaltungsmusik. F\u00fcr das Fr\u00fchjahrskonzert im April werden Ouvert\u00fcren klassischer Komponisten, mehrs\u00e4tzige Werke zeitgen\u00f6ssischer Komponisten, Musicals, Filmmusiken sowie anspruchsvolle Arrangements moderner Rock- und Popsongs aufgef\u00fchrt. Dies erfordert eine intensive Probenarbeit, die \u00fcber die Regeltermine am Mittwochabend um 20 Uhr hinausgeht. Vor dem Fr\u00fchjahrskonzert opfern wir f\u00fcr unsere Leidenschaft gerne auch den einen oder anderen Sonntagvormittag, sowie im Rahmen des Probenwochenendes sogar ein komplettes Wochenende. Im Vordergrund der intensiven Probenarbeit steht aber auch immer der Spa\u00df und die Freude am gemeinsamen Musizieren. So findet sich nach Probenschluss und auch in der Freizeit immer die Gelegenheit f\u00fcr gem\u00fctliches Beisammensein unter Freundinnen und Freunden.<\/p>\n\n\n\n<p>Das \u00dcben und Auff\u00fchren traditioneller b\u00f6hmisch-m\u00e4hrischer Polkas und bekannter M\u00e4rsche liegt uns ebenso am Herzen wie die konzertante Blasmusik. Bei zahlreichen Festen im Kreis Calw und \u00fcber dessen Grenzen hinaus unterhalten wir unsere Zuh\u00f6rerinnen und Zuh\u00f6rer mit volkst\u00fcmlicher Musik und modernen Pop-und Rocksongs.<\/p>\n\n\n\n<p class=\"has-dark-gray-color has-text-color has-link-color wp-elements-1d3172d6388d0a4b45d3848842892791\"><strong>Und das sind die Musikerinnen und Musiker unserer Trachtenkapelle:<\/strong><\/p>\n\n\n\n<p><strong>Klarinette<\/strong><\/p>\n\n\n\n<figure class=\"wp-block-image size-large\"><img decoding=\"async\" src=\"https:\/\/www.musikverein-stammheim.de\/start\/wp-content\/uploads\/2016\/07\/IMG_8365.jpg\" alt=\"\"\/><figcaption class=\"wp-element-caption\">Patrick Sekinger (nicht mehr aktiv), Tina Kovacs, Stefanie Weiss, Ralf B\u00f6hret <br>Andrea Furthm\u00fcller-S\u00fc\u00dfer, Doris S\u00fc\u00dfer, Uschi Weiss, Daniela Holzinger, Elke Fetzer<br>Stefanie Roller, Lisa Holzer (nicht mehr aktiv), Annika Binder, Norbert Wilhelmi, Janine Schr\u00f6der (nicht mehr aktiv)<br>Nicht im Bild: Daniela Bosch, Hanna Enkelmann, Alexander Schmid, Larissa Schmid, Lena Vette<\/figcaption><\/figure>\n\n\n\n<p><strong>Fl\u00f6te, Oboe &amp; Fagott<\/strong><\/p>\n\n\n\n<figure class=\"wp-block-image size-large\"><a href=\"https:\/\/www.musikverein-stammheim.de\/start\/wp-content\/uploads\/2025\/05\/Floeten_Oboen-scaled.jpeg\"><img loading=\"lazy\" decoding=\"async\" width=\"1024\" height=\"591\" src=\"https:\/\/www.musikverein-stammheim.de\/start\/wp-content\/uploads\/2025\/05\/Floeten_Oboen-1024x591.jpeg\" alt=\"\" class=\"wp-image-8110\" srcset=\"https:\/\/www.musikverein-stammheim.de\/start\/wp-content\/uploads\/2025\/05\/Floeten_Oboen-1024x591.jpeg 1024w, https:\/\/www.musikverein-stammheim.de\/start\/wp-content\/uploads\/2025\/05\/Floeten_Oboen-300x173.jpeg 300w, https:\/\/www.musikverein-stammheim.de\/start\/wp-content\/uploads\/2025\/05\/Floeten_Oboen-768x443.jpeg 768w, https:\/\/www.musikverein-stammheim.de\/start\/wp-content\/uploads\/2025\/05\/Floeten_Oboen-1536x886.jpeg 1536w, https:\/\/www.musikverein-stammheim.de\/start\/wp-content\/uploads\/2025\/05\/Floeten_Oboen-2048x1182.jpeg 2048w\" sizes=\"auto, (max-width: 1024px) 100vw, 1024px\" \/><\/a><figcaption class=\"wp-element-caption\">Laura Andrae, Lene Link, Sarah Riethm\u00fcller, Hartmut Kuonath, Sina Kuonath<br>Sandra Klumpp, Lia Kusterer, Susi Echteler, Sarah K.<br>Nicht im Bild: Jonathan Edel, Katharina Rexer, Natalie S\u00fc\u00dfer<\/figcaption><\/figure>\n\n\n\n<p><strong>Saxophon<\/strong><\/p>\n\n\n\n<figure class=\"wp-block-image size-large\"><img decoding=\"async\" src=\"https:\/\/www.musikverein-stammheim.de\/start\/wp-content\/uploads\/2016\/07\/IMG_8305.jpg\" alt=\"\"\/><figcaption class=\"wp-element-caption\">Silvia Dietzen (nicht mehr aktiv), Stefanie H\u00e4rdter (nicht mehr aktiv), J\u00f6rg Fetzer, Thomas Frank, Andrea Gutknecht, Kerstin Rexer, Leonard Gie\u00dfner, Maren Claus<br>Nicht im Bild: Cedric Nickel, Celine Roller, Jara R\u00f6lver, Leni St\u00f6lken, Nicolas Unger<\/figcaption><\/figure>\n\n\n\n<p><strong>Horn<\/strong><\/p>\n\n\n\n<figure class=\"wp-block-image size-large\"><img decoding=\"async\" src=\"https:\/\/www.musikverein-stammheim.de\/start\/wp-content\/uploads\/2016\/07\/IMG_8434.jpg\" alt=\"\"\/><figcaption class=\"wp-element-caption\">Andreas Ottm\u00fcller, Marina Binder, Sven Kirchherr<br>Nicht im Bild: Anna Hammann, Steffen Kirchherr, Thomas Mehring<\/figcaption><\/figure>\n\n\n\n<p><strong>Fl\u00fcgelhorn<\/strong><\/p>\n\n\n\n<figure class=\"wp-block-image size-large\"><a href=\"https:\/\/www.musikverein-stammheim.de\/start\/wp-content\/uploads\/2025\/05\/Fluegelhorn.jpeg\"><img loading=\"lazy\" decoding=\"async\" width=\"1024\" height=\"741\" src=\"https:\/\/www.musikverein-stammheim.de\/start\/wp-content\/uploads\/2025\/05\/Fluegelhorn-1024x741.jpeg\" alt=\"\" class=\"wp-image-8112\" srcset=\"https:\/\/www.musikverein-stammheim.de\/start\/wp-content\/uploads\/2025\/05\/Fluegelhorn-1024x741.jpeg 1024w, https:\/\/www.musikverein-stammheim.de\/start\/wp-content\/uploads\/2025\/05\/Fluegelhorn-300x217.jpeg 300w, https:\/\/www.musikverein-stammheim.de\/start\/wp-content\/uploads\/2025\/05\/Fluegelhorn-768x556.jpeg 768w, https:\/\/www.musikverein-stammheim.de\/start\/wp-content\/uploads\/2025\/05\/Fluegelhorn.jpeg 1533w\" sizes=\"auto, (max-width: 1024px) 100vw, 1024px\" \/><\/a><figcaption class=\"wp-element-caption\">Dominik M\u00fcller, Bernd Schlager, Michael Kuonath<br>Nicht im Bild: Bernd Hertenstein, Michael Hammann, Verena Illiger<\/figcaption><\/figure>\n\n\n\n<p><strong>Trompete<\/strong><\/p>\n\n\n\n<figure class=\"wp-block-image size-large\"><img decoding=\"async\" src=\"https:\/\/www.musikverein-stammheim.de\/start\/wp-content\/uploads\/2016\/07\/IMG_8413.jpg\" alt=\"\"\/><figcaption class=\"wp-element-caption\">Robin Roller, Anna-Lena Fetzer, Daniel Schumacher <br>Melanie Kuntzer, Albrecht H\u00e4rdter (nicht mehr aktiv), Sarah Kirchherr<br>Nicht im Bild: Hannah Fetzer, Angelina Heiland, Timo Klumpp, Alexander W.<\/figcaption><\/figure>\n\n\n\n<p><strong>Posaune<\/strong><\/p>\n\n\n\n<figure class=\"wp-block-image size-large\"><img decoding=\"async\" src=\"https:\/\/www.musikverein-stammheim.de\/start\/wp-content\/uploads\/2016\/07\/IMG_8338.jpg\" alt=\"\"\/><figcaption class=\"wp-element-caption\">J\u00fcrgen Bernhardt, Oliver Bernhardt, Andreas Weiss <br>Matthias Heldmayer, Christin Gr\u00f6bner (nicht mehr aktiv), Viola Schmid (nicht mehr aktiv), Siegfried Edel<\/figcaption><\/figure>\n\n\n\n<p><strong>Euphonium \/ Bariton<\/strong><\/p>\n\n\n\n<figure class=\"wp-block-image size-large\"><img decoding=\"async\" src=\"https:\/\/www.musikverein-stammheim.de\/start\/wp-content\/uploads\/2016\/07\/IMG_8428.jpg\" alt=\"\"\/><figcaption class=\"wp-element-caption\">Holger Egeler, Klaus Kuonath, Michael Schaffranek<br>Christoph Visel, Diethelm Heldmayer, Felix Roller<br>Nicht im Bild: Paul Kuonath, Julius Reutter<\/figcaption><\/figure>\n\n\n\n<p><strong>Schlagzeug<\/strong><\/p>\n\n\n\n<figure class=\"wp-block-image size-large\"><img decoding=\"async\" src=\"https:\/\/www.musikverein-stammheim.de\/start\/wp-content\/uploads\/2016\/09\/151108_3.Auftritt-Choppfest-Sonntag-30.jpg\" alt=\"\"\/><figcaption class=\"wp-element-caption\">Roman Kober, Herbert Hammann, Julian Schlicht, Dennis H\u00e4rdter (nicht mehr aktiv), <br>Simon Heldmayer (nicht mehr aktiv), Marius H\u00e4rdter (nicht mehr aktiv), Arian Furthm\u00fcller<br>Nicht im Bild: Henri Scherer, Maximilian Smykalla<\/figcaption><\/figure>\n\n\n\n<p><strong>Tuba<\/strong><\/p>\n\n\n\n<div class=\"wp-block-group\"><div class=\"wp-block-group__inner-container is-layout-constrained wp-block-group-is-layout-constrained\">\n<p><img loading=\"lazy\" decoding=\"async\" width=\"1000\" height=\"661\" class=\"aligncenter wp-image-4508 size-full\" style=\"\" src=\"https:\/\/www.musikverein-stammheim.de\/start\/wp-content\/uploads\/2016\/09\/DSC00556.jpg\" alt=\"\" srcset=\"https:\/\/www.musikverein-stammheim.de\/start\/wp-content\/uploads\/2016\/09\/DSC00556.jpg 1000w, https:\/\/www.musikverein-stammheim.de\/start\/wp-content\/uploads\/2016\/09\/DSC00556-300x198.jpg 300w, https:\/\/www.musikverein-stammheim.de\/start\/wp-content\/uploads\/2016\/09\/DSC00556-768x508.jpg 768w\" sizes=\"auto, (max-width: 1000px) 100vw, 1000px\" \/><\/p>\n<\/div><\/div>\n\n\n\n<p class=\"has-text-align-center has-medium-gray-color has-text-color has-link-color has-normal-font-size wp-elements-3c3b7d417cc29668284a5c926667dd70\"><sup><mark style=\"background-color:#ffffff\" class=\"has-inline-color has-medium-gray-color\"><em>Roland Gutknecht, Gerhard Schanz, Steffen Trinkaus (nicht mehr aktiv), Hermann Kuonath, Johann Trinkaus<br>Nicht im Bild: Robert R\u00f6lver, Christian Ast<\/em><\/mark><\/sup><\/p>\n","protected":false},"excerpt":{"rendered":"<p>Unsere Trachtenkapelle ist das Orchester der sogenannten \u201cAktiven\u201d. Mit diesem Orchester unterhalten wir bei Konzerten, Festen anderer Vereine, Umz\u00fcgen sowie bei privaten Feiern unserer aktiven und passiven Mitglieder. In unseren <a class=\"more-link\" href=\"https:\/\/www.musikverein-stammheim.de\/start\/orchester\/trachtenkapelle\/\">Weiterlesen \u2192<\/a><\/p>\n","protected":false},"author":1,"featured_media":0,"parent":1488,"menu_order":0,"comment_status":"closed","ping_status":"closed","template":"","meta":{"footnotes":""},"class_list":["post-4142","page","type-page","status-publish","hentry"],"_links":{"self":[{"href":"https:\/\/www.musikverein-stammheim.de\/start\/wp-json\/wp\/v2\/pages\/4142","targetHints":{"allow":["GET"]}}],"collection":[{"href":"https:\/\/www.musikverein-stammheim.de\/start\/wp-json\/wp\/v2\/pages"}],"about":[{"href":"https:\/\/www.musikverein-stammheim.de\/start\/wp-json\/wp\/v2\/types\/page"}],"author":[{"embeddable":true,"href":"https:\/\/www.musikverein-stammheim.de\/start\/wp-json\/wp\/v2\/users\/1"}],"replies":[{"embeddable":true,"href":"https:\/\/www.musikverein-stammheim.de\/start\/wp-json\/wp\/v2\/comments?post=4142"}],"version-history":[{"count":59,"href":"https:\/\/www.musikverein-stammheim.de\/start\/wp-json\/wp\/v2\/pages\/4142\/revisions"}],"predecessor-version":[{"id":8584,"href":"https:\/\/www.musikverein-stammheim.de\/start\/wp-json\/wp\/v2\/pages\/4142\/revisions\/8584"}],"up":[{"embeddable":true,"href":"https:\/\/www.musikverein-stammheim.de\/start\/wp-json\/wp\/v2\/pages\/1488"}],"wp:attachment":[{"href":"https:\/\/www.musikverein-stammheim.de\/start\/wp-json\/wp\/v2\/media?parent=4142"}],"curies":[{"name":"wp","href":"https:\/\/api.w.org\/{rel}","templated":true}]}}

<div class="wp-block-columns is-layout-flex wp-container-core-columns-is-layout-9d6595d7 wp-block-columns-is-layout-flex">
<div class="wp-block-column is-layout-flow wp-block-column-is-layout-flow" style="flex-basis:33.33%">
<figure class="wp-block-image size-large"><a href="https://www.musikverein-stammheim.de/start/wp-content/uploads/2026/01/JK-Dirigent-2025-edited.jpg"><img loading="lazy" decoding="async" width="769" height="1024" src="https://www.musikverein-stammheim.de/start/wp-content/uploads/2026/01/JK-Dirigent-2025-edited-769x1024.jpg" alt="" class="wp-image-8446" srcset="https://www.musikverein-stammheim.de/start/wp-content/uploads/2026/01/JK-Dirigent-2025-edited-769x1024.jpg 769w, https://www.musikverein-stammheim.de/start/wp-content/uploads/2026/01/JK-Dirigent-2025-edited-225x300.jpg 225w, https://www.musikverein-stammheim.de/start/wp-content/uploads/2026/01/JK-Dirigent-2025-edited-768x1023.jpg 768w, https://www.musikverein-stammheim.de/start/wp-content/uploads/2026/01/JK-Dirigent-2025-edited.jpg 1080w" sizes="auto, (max-width: 769px) 100vw, 769px" /></a><figcaption class="wp-element-caption">Dirigent Timo Klumpp</figcaption></figure>
</div>



<div class="wp-block-column is-layout-flow wp-block-column-is-layout-flow" style="flex-basis:66.66%">
<p>Unsere Trachtenkapelle ist das Orchester der sogenannten “Aktiven”. Mit diesem Orchester unterhalten wir bei Konzerten, Festen anderer Vereine, Umzügen sowie bei privaten Feiern unserer aktiven und passiven Mitglieder. In unseren Reihen musizieren über 70 Musikerinnen und Musiker im Alter zwischen 15 und 70 Jahren. Das Durchschnittsalter liegt bei 32 Jahren, was vor allem an der fortlaufenden Integration junger Musikerinnen und Musiker aus der eigenen Jugend liegt.</p>
</div>
</div>



<p>Auch der musikalische Leiter Timo Klumpp sowie seine Vorgänger Michael Schanz und Hermann Kuonath kommen aus den eigenen Reihen und führen das Orchester seit Jahrzehnten erfolgreich, was sich auch bei vielen erfolgreichen Teilnahmen an Wertungsspielen in der Kategorie Höchststufe zeigt.</p>



<p>Die Trachtenkapelle spielt konzertante symphonische Blasmusik, gleichermaßen wie auch Unterhaltungsmusik. Für das Frühjahrskonzert im April werden Ouvertüren klassischer Komponisten, mehrsätzige Werke zeitgenössischer Komponisten, Musicals, Filmmusiken sowie anspruchsvolle Arrangements moderner Rock- und Popsongs aufgeführt. Dies erfordert eine intensive Probenarbeit, die über die Regeltermine am Mittwochabend um 20 Uhr hinausgeht. Vor dem Frühjahrskonzert opfern wir für unsere Leidenschaft gerne auch den einen oder anderen Sonntagvormittag, sowie im Rahmen des Probenwochenendes sogar ein komplettes Wochenende. Im Vordergrund der intensiven Probenarbeit steht aber auch immer der Spaß und die Freude am gemeinsamen Musizieren. So findet sich nach Probenschluss und auch in der Freizeit immer die Gelegenheit für gemütliches Beisammensein unter Freundinnen und Freunden.</p>



<p>Das Üben und Aufführen traditioneller böhmisch-mährischer Polkas und bekannter Märsche liegt uns ebenso am Herzen wie die konzertante Blasmusik. Bei zahlreichen Festen im Kreis Calw und über dessen Grenzen hinaus unterhalten wir unsere Zuhörerinnen und Zuhörer mit volkstümlicher Musik und modernen Pop-und Rocksongs.</p>



<p class="has-dark-gray-color has-text-color has-link-color wp-elements-1d3172d6388d0a4b45d3848842892791"><strong>Und das sind die Musikerinnen und Musiker unserer Trachtenkapelle:</strong></p>



<p><strong>Klarinette</strong></p>



<figure class="wp-block-image size-large"><img decoding="async" src="https://www.musikverein-stammheim.de/start/wp-content/uploads/2016/07/IMG_8365.jpg" alt=""/><figcaption class="wp-element-caption">Patrick Sekinger (nicht mehr aktiv), Tina Kovacs, Stefanie Weiss, Ralf Böhret <br>Andrea Furthmüller-Süßer, Doris Süßer, Uschi Weiss, Daniela Holzinger, Elke Fetzer<br>Stefanie Roller, Lisa Holzer (nicht mehr aktiv), Annika Binder, Norbert Wilhelmi, Janine Schröder (nicht mehr aktiv)<br>Nicht im Bild: Daniela Bosch, Hanna Enkelmann, Alexander Schmid, Larissa Schmid, Lena Vette</figcaption></figure>



<p><strong>Flöte, Oboe &amp; Fagott</strong></p>



<figure class="wp-block-image size-large"><a href="https://www.musikverein-stammheim.de/start/wp-content/uploads/2025/05/Floeten_Oboen-scaled.jpeg"><img loading="lazy" decoding="async" width="1024" height="591" src="https://www.musikverein-stammheim.de/start/wp-content/uploads/2025/05/Floeten_Oboen-1024x591.jpeg" alt="" class="wp-image-8110" srcset="https://www.musikverein-stammheim.de/start/wp-content/uploads/2025/05/Floeten_Oboen-1024x591.jpeg 1024w, https://www.musikverein-stammheim.de/start/wp-content/uploads/2025/05/Floeten_Oboen-300x173.jpeg 300w, https://www.musikverein-stammheim.de/start/wp-content/uploads/2025/05/Floeten_Oboen-768x443.jpeg 768w, https://www.musikverein-stammheim.de/start/wp-content/uploads/2025/05/Floeten_Oboen-1536x886.jpeg 1536w, https://www.musikverein-stammheim.de/start/wp-content/uploads/2025/05/Floeten_Oboen-2048x1182.jpeg 2048w" sizes="auto, (max-width: 1024px) 100vw, 1024px" /></a><figcaption class="wp-element-caption">Laura Andrae, Lene Link, Sarah Riethmüller, Hartmut Kuonath, Sina Kuonath<br>Sandra Klumpp, Lia Kusterer, Susi Echteler, Sarah K.<br>Nicht im Bild: Jonathan Edel, Katharina Rexer, Natalie Süßer</figcaption></figure>



<p><strong>Saxophon</strong></p>



<figure class="wp-block-image size-large"><img decoding="async" src="https://www.musikverein-stammheim.de/start/wp-content/uploads/2016/07/IMG_8305.jpg" alt=""/><figcaption class="wp-element-caption">Silvia Dietzen (nicht mehr aktiv), Stefanie Härdter (nicht mehr aktiv), Jörg Fetzer, Thomas Frank, Andrea Gutknecht, Kerstin Rexer, Leonard Gießner, Maren Claus<br>Nicht im Bild: Cedric Nickel, Celine Roller, Jara Rölver, Leni Stölken, Nicolas Unger</figcaption></figure>



<p><strong>Horn</strong></p>



<figure class="wp-block-image size-large"><img decoding="async" src="https://www.musikverein-stammheim.de/start/wp-content/uploads/2016/07/IMG_8434.jpg" alt=""/><figcaption class="wp-element-caption">Andreas Ottmüller, Marina Binder, Sven Kirchherr<br>Nicht im Bild: Anna Hammann, Steffen Kirchherr, Thomas Mehring</figcaption></figure>



<p><strong>Flügelhorn</strong></p>



<figure class="wp-block-image size-large"><a href="https://www.musikverein-stammheim.de/start/wp-content/uploads/2025/05/Fluegelhorn.jpeg"><img loading="lazy" decoding="async" width="1024" height="741" src="https://www.musikverein-stammheim.de/start/wp-content/uploads/2025/05/Fluegelhorn-1024x741.jpeg" alt="" class="wp-image-8112" srcset="https://www.musikverein-stammheim.de/start/wp-content/uploads/2025/05/Fluegelhorn-1024x741.jpeg 1024w, https://www.musikverein-stammheim.de/start/wp-content/uploads/2025/05/Fluegelhorn-300x217.jpeg 300w, https://www.musikverein-stammheim.de/start/wp-content/uploads/2025/05/Fluegelhorn-768x556.jpeg 768w, https://www.musikverein-stammheim.de/start/wp-content/uploads/2025/05/Fluegelhorn.jpeg 1533w" sizes="auto, (max-width: 1024px) 100vw, 1024px" /></a><figcaption class="wp-element-caption">Dominik Müller, Bernd Schlager, Michael Kuonath<br>Nicht im Bild: Bernd Hertenstein, Michael Hammann, Verena Illiger</figcaption></figure>



<p><strong>Trompete</strong></p>



<figure class="wp-block-image size-large"><img decoding="async" src="https://www.musikverein-stammheim.de/start/wp-content/uploads/2016/07/IMG_8413.jpg" alt=""/><figcaption class="wp-element-caption">Robin Roller, Anna-Lena Fetzer, Daniel Schumacher <br>Melanie Kuntzer, Albrecht Härdter (nicht mehr aktiv), Sarah Kirchherr<br>Nicht im Bild: Hannah Fetzer, Angelina Heiland, Timo Klumpp, Alexander W.</figcaption></figure>



<p><strong>Posaune</strong></p>



<figure class="wp-block-image size-large"><img decoding="async" src="https://www.musikverein-stammheim.de/start/wp-content/uploads/2016/07/IMG_8338.jpg" alt=""/><figcaption class="wp-element-caption">Jürgen Bernhardt, Oliver Bernhardt, Andreas Weiss <br>Matthias Heldmayer, Christin Gröbner (nicht mehr aktiv), Viola Schmid (nicht mehr aktiv), Siegfried Edel</figcaption></figure>



<p><strong>Euphonium / Bariton</strong></p>



<figure class="wp-block-image size-large"><img decoding="async" src="https://www.musikverein-stammheim.de/start/wp-content/uploads/2016/07/IMG_8428.jpg" alt=""/><figcaption class="wp-element-caption">Holger Egeler, Klaus Kuonath, Michael Schaffranek<br>Christoph Visel, Diethelm Heldmayer, Felix Roller<br>Nicht im Bild: Paul Kuonath, Julius Reutter</figcaption></figure>



<p><strong>Schlagzeug</strong></p>



<figure class="wp-block-image size-large"><img decoding="async" src="https://www.musikverein-stammheim.de/start/wp-content/uploads/2016/09/151108_3.Auftritt-Choppfest-Sonntag-30.jpg" alt=""/><figcaption class="wp-element-caption">Roman Kober, Herbert Hammann, Julian Schlicht, Dennis Härdter (nicht mehr aktiv), <br>Simon Heldmayer (nicht mehr aktiv), Marius Härdter (nicht mehr aktiv), Arian Furthmüller<br>Nicht im Bild: Henri Scherer, Maximilian Smykalla</figcaption></figure>



<p><strong>Tuba</strong></p>



<div class="wp-block-group"><div class="wp-block-group__inner-container is-layout-constrained wp-block-group-is-layout-constrained">
<p><img loading="lazy" decoding="async" width="1000" height="661" class="aligncenter wp-image-4508 size-full" style="" src="https://www.musikverein-stammheim.de/start/wp-content/uploads/2016/09/DSC00556.jpg" alt="" srcset="https://www.musikverein-stammheim.de/start/wp-content/uploads/2016/09/DSC00556.jpg 1000w, https://www.musikverein-stammheim.de/start/wp-content/uploads/2016/09/DSC00556-300x198.jpg 300w, https://www.musikverein-stammheim.de/start/wp-content/uploads/2016/09/DSC00556-768x508.jpg 768w" sizes="auto, (max-width: 1000px) 100vw, 1000px" /></p>
</div></div>



<p class="has-text-align-center has-medium-gray-color has-text-color has-link-color has-normal-font-size wp-elements-3c3b7d417cc29668284a5c926667dd70"><sup><mark style="background-color:#ffffff" class="has-inline-color has-medium-gray-color"><em>Roland Gutknecht, Gerhard Schanz, Steffen Trinkaus (nicht mehr aktiv), Hermann Kuonath, Johann Trinkaus<br>Nicht im Bild: Robert Rölver, Christian Ast</em></mark></sup></p>

<p>Unsere Trachtenkapelle ist das Orchester der sogenannten “Aktiven”. Mit diesem Orchester unterhalten wir bei Konzerten, Festen anderer Vereine, Umzügen sowie bei privaten Feiern unserer aktiven und passiven Mitglieder. In unseren <a class="more-link" href="https://www.musikverein-stammheim.de/start/orchester/trachtenkapelle/">Weiterlesen →</a></p>
