{"id":5623,"date":"2019-08-04T16:59:35","date_gmt":"2019-08-04T14:59:35","guid":{"rendered":"https:\/\/www.musikverein-stammheim.de\/start\/?page_id=5623"},"modified":"2026-02-20T20:56:14","modified_gmt":"2026-02-20T18:56:14","slug":"musikalische-frueherziehung","status":"publish","type":"page","link":"https:\/\/www.musikverein-stammheim.de\/start\/mv-jugend\/musikalische-frueherziehung\/","title":{"rendered":"Musikalische Fr\u00fcherziehung"},"content":{"rendered":"<p>Es hat sich herausgestellt, dass Musik die kindliche Entwicklung positiv beeinflusst. Es gibt kaum einen Entwicklungsbereich, der durch Musik nicht angesprochen wird. Ob Singen, Instrumente spielen, Tanzen, aufeinander Acht geben, Instrumente selber bauen, H\u00f6ren, Ausprobieren, sich und seinen K\u00f6rper koordinieren \u2013 f\u00fcr jeden ist etwas dabei. Daher steht im Vordergrund unserer musikalischen Fr\u00fcherziehung die Gemeinschaft verbunden mit Spiel, Spa\u00df und ganz viel Freude am gemeinsamen Musizieren.<br \/>\n<img loading=\"lazy\" decoding=\"async\" class=\"alignleft size-large wp-image-5624\" src=\"https:\/\/www.musikverein-stammheim.de\/start\/wp-content\/uploads\/2019\/08\/IMG_7756-1024x682.jpg\" alt=\"\" width=\"690\" height=\"460\" srcset=\"https:\/\/www.musikverein-stammheim.de\/start\/wp-content\/uploads\/2019\/08\/IMG_7756-1024x682.jpg 1024w, https:\/\/www.musikverein-stammheim.de\/start\/wp-content\/uploads\/2019\/08\/IMG_7756-300x200.jpg 300w, https:\/\/www.musikverein-stammheim.de\/start\/wp-content\/uploads\/2019\/08\/IMG_7756-768x511.jpg 768w, https:\/\/www.musikverein-stammheim.de\/start\/wp-content\/uploads\/2019\/08\/IMG_7756-390x261.jpg 390w\" sizes=\"auto, (max-width: 690px) 100vw, 690px\" \/><\/p>\n<p>Im September 2021 haben wir unser bestehendes Angebot der Jugendabteilung, neben der <a href=\"https:\/\/www.musikverein-stammheim.de\/start\/mv-jugend\/neuanfaengergruppe\/\">Neuanf\u00e4ngergruppe<\/a>, der <a href=\"https:\/\/www.musikverein-stammheim.de\/start\/orchester\/jugendgruppe\/\">Jugendgruppe<\/a> und der <a href=\"https:\/\/www.musikverein-stammheim.de\/start\/orchester\/jugendkapelle\/\">Jugendkapelle<\/a>, durch zwei neue Gruppen erweitert. Mehr \u00fcber unsere Angebote der musikalischen Fr\u00fcherziehung erfahren Sie hier:<\/p>\n<ul>\n<li><a href=\"https:\/\/www.musikverein-stammheim.de\/start\/mv-jugend\/musikalische-frueherziehung\/musikzwerge\/\">Musikzwerge (Kinder ab ca. 9 Monate + 1 erwachsene Begleitperson) &#8211; derzeit keine Gruppe<\/a><\/li>\n<li><a href=\"https:\/\/www.musikverein-stammheim.de\/start\/mv-jugend\/musikalische-frueherziehung\/klangfroesche\/?preview=true\">Klangfr\u00f6sche (Kinder ab ca. 3,5 Jahren)<\/a><\/li>\n<\/ul>\n<p style=\"text-align: center;\"><img loading=\"lazy\" decoding=\"async\" class=\"wp-image-5625 size-large\" src=\"https:\/\/www.musikverein-stammheim.de\/start\/wp-content\/uploads\/2019\/08\/IMG_0362-2-1024x573.jpg\" alt=\"\" width=\"690\" height=\"386\" srcset=\"https:\/\/www.musikverein-stammheim.de\/start\/wp-content\/uploads\/2019\/08\/IMG_0362-2-1024x573.jpg 1024w, https:\/\/www.musikverein-stammheim.de\/start\/wp-content\/uploads\/2019\/08\/IMG_0362-2-300x168.jpg 300w, https:\/\/www.musikverein-stammheim.de\/start\/wp-content\/uploads\/2019\/08\/IMG_0362-2-768x430.jpg 768w, https:\/\/www.musikverein-stammheim.de\/start\/wp-content\/uploads\/2019\/08\/IMG_0362-2.jpg 1650w\" sizes=\"auto, (max-width: 690px) 100vw, 690px\" \/><em>Logo Musikzwerge und Klangfr\u00f6sche<\/em><\/p>\n<p>Haben wir Ihr Interesse geweckt? Dann f\u00fcllen Sie einfach das Anmeldeformular aus (<a href=\"https:\/\/www.musikverein-stammheim.de\/mvpdfs\/angepasst\/201230_Anmeldeformular_musikalische_Frueherziehung.pdf\">hier klicken<\/a>) und geben es an die Kursleitung weiter. Bei Fragen melden sie sich gerne telefonisch bei uns.<\/p>\n<p><strong>Kursleitung Klangfr\u00f6sche:<\/strong><br \/>\n<a href=\"mailto: Sandra.klumpp@web.de\">Sandra Klumpp<\/a><\/p>\n","protected":false},"excerpt":{"rendered":"<p>Es hat sich herausgestellt, dass Musik die kindliche Entwicklung positiv beeinflusst. Es gibt kaum einen Entwicklungsbereich, der durch Musik nicht angesprochen wird. Ob Singen, Instrumente spielen, Tanzen, aufeinander Acht geben, <a class=\"more-link\" href=\"https:\/\/www.musikverein-stammheim.de\/start\/mv-jugend\/musikalische-frueherziehung\/\">Weiterlesen \u2192<\/a><\/p>\n","protected":false},"author":1,"featured_media":0,"parent":1514,"menu_order":0,"comment_status":"closed","ping_status":"closed","template":"","meta":{"footnotes":""},"class_list":["post-5623","page","type-page","status-publish","hentry"],"_links":{"self":[{"href":"https:\/\/www.musikverein-stammheim.de\/start\/wp-json\/wp\/v2\/pages\/5623","targetHints":{"allow":["GET"]}}],"collection":[{"href":"https:\/\/www.musikverein-stammheim.de\/start\/wp-json\/wp\/v2\/pages"}],"about":[{"href":"https:\/\/www.musikverein-stammheim.de\/start\/wp-json\/wp\/v2\/types\/page"}],"author":[{"embeddable":true,"href":"https:\/\/www.musikverein-stammheim.de\/start\/wp-json\/wp\/v2\/users\/1"}],"replies":[{"embeddable":true,"href":"https:\/\/www.musikverein-stammheim.de\/start\/wp-json\/wp\/v2\/comments?post=5623"}],"version-history":[{"count":36,"href":"https:\/\/www.musikverein-stammheim.de\/start\/wp-json\/wp\/v2\/pages\/5623\/revisions"}],"predecessor-version":[{"id":8529,"href":"https:\/\/www.musikverein-stammheim.de\/start\/wp-json\/wp\/v2\/pages\/5623\/revisions\/8529"}],"up":[{"embeddable":true,"href":"https:\/\/www.musikverein-stammheim.de\/start\/wp-json\/wp\/v2\/pages\/1514"}],"wp:attachment":[{"href":"https:\/\/www.musikverein-stammheim.de\/start\/wp-json\/wp\/v2\/media?parent=5623"}],"curies":[{"name":"wp","href":"https:\/\/api.w.org\/{rel}","templated":true}]}}